s the tens digit of 6516166?
6
What is the ten millions digit of 38631640?
3
What is the thousands digit of 677847499?
7
What is the ten millions digit of 4388608127?
8
What is the hundred thousands digit of 6089171223?
1
What is the hundred thousands digit of 7596235257?
2
What is the hundred thousands digit of 188589873?
5
What is the units digit of 188462914?
4
What is the ten millions digit of 45923286?
4
What is the units digit of 13848461?
1
What is the thousands digit of 60538782?
8
What is the tens digit of 41005927?
2
What is the ten thousands digit of 22621990?
2
What is the thousands digit of 159550248?
0
What is the tens digit of 3821991018?
1
What is the units digit of 362854939?
9
What is the ten millions digit of 2150962979?
5
What is the thousands digit of 1693522792?
2
What is the hundred millions digit of 189847323?
1
What is the hundreds digit of 195895608?
6
What is the ten thousands digit of 25036648?
3
What is the ten millions digit of 1385240244?
8
What is the units digit of 221519685?
5
What is the ten thousands digit of 1961409776?
0
What is the units digit of 163440233?
3
What is the tens digit of 286646242?
4
What is the units digit of 50241262?
2
What is the ten thousands digit of 2678797377?
9
What is the ten millions digit of 565427634?
6
What is the units digit of 130628759?
9
What is the hundred thousands digit of 53583032?
5
What is the ten thousands digit of 611776668?
7
What is the ten thousands digit of 216003239?
0
What is the hundred thousands digit of 994536546?
5
What is the thousands digit of 1235203795?
3
What is the thousands digit of 30489347?
9
What is the thousands digit of 37663516?
3
What is the units digit of 1566689049?
9
What is the tens digit of 397077349?
4
What is the millions digit of 1409735?
1
What is the millions digit of 216690964?
6
What is the hundreds digit of 61056947?
9
What is the tens digit of 12662851?
5
What is the hundred thousands digit of 132206884?
2
What is the thousands digit of 12769323?
9
What is the tens digit of 201591388?
8
What is the units digit of 818003377?
7
What is the thousands digit of 185401567?
1
What is the tens digit of 705263542?
4
What is the thousands digit of 105273581?
3
What is the hundred thousands digit of 3559271046?
2
What is the hundred millions digit of 125581357?
1
What is the ten millions digit of 1314232284?
1
What is the units digit of 1717960227?
7
What is the hundreds digit of 22412043?
0
What is the ten millions digit of 89835921?
8
What is the millions digit of 149148033?
9
What is the thousands digit of 1636501670?
1
What is the hundreds digit of 265349488?
4
What is the thousands digit of 25935506?
5
What is the ten thousands digit of 2680451554?
5
What is the hundred thousands digit of 32222438?
2
What is the thousands digit of 51872639?
2
What is the millions digit of 818123279?
8
What is the thousands digit of 53659509?
9
What is the units digit of 4166359761?
1
What is the tens digit of 456260340?
4
What is the ten millions digit of 395166235?
9
What is the ten thousands digit of 574696589?
9
What is the billions digit of 4097721431?
4
What is the tens digit of 118109353?
5
What is the millions digit of 6643285?
6
What is the thousands digit of 3142523602?
3
What is the tens digit of 1611731178?
7
What is the millions digit of 6727018?
6
What is the hundred thousands digit of 546639142?
6
What is the hundred thousands digit of 314449454?
4
What is the millions digit of 218409210?
8
What is the hundred thousands digit of 584470524?
4
What is the hundred millions digit of 2828839559?
8
What is the billions digit of 2783727182?
2
What is the hundreds digit of 5568894315?
3
What is the tens digit of 981859874?
7
What is the units digit of 50584961?
1
What is the hundred millions digit of 7074905070?
0
What is the thousands digit of 918067564?
7
What is the units digit of 90783678?
8
What is the ten thousands digit of 272165369?
6
What is the hundreds digit of 156568041?
0
What is the tens digit of 2030800551?
5
What is the hundreds digit of 43333771?
7
What is the ten thousands digit of 83313687?
1
What is the thousands digit of 362566296?
6
What is the millions digit of 1248893661?
8
What is the tens digit of 481049401?
0
What is the ten millions digit of 87445278?
8
What is the billions digit of 4976021981?
4
What is the hundred millions digit of 2947050120?
9
What is the millions digit of 70618178?
0
What is the hundred thousands digit of 452765631?
7
What is the thousands digit of 177099543?
9
What is the ten thousands digit of 33979751?
7
What is the thousands digit of 281342565?
2
What is the ten millions digit of 79680397?
7
What is the tens digit of 1922419376?
7
What is the millions digit of 1244896429?
4
What is the tens digit of 2884098?
9
What is the ten thousands digit of 2172133732?
3
What is the billions digit of 1045618156?
1
What is the ten millions digit of 164654288?
6
What is the units digit of 53424907?
7
What is the units digit of 4361841474?
4
What is the tens digit of 32667313?
1
What is the hundred thousands digit of 363632661?
6
What is the units digit of 1086542229?
9
What is the hundred millions digit of 886028945?
8
What is the tens digit of 366762419?
1
What is the ten thousands digit of 1058400949?
0
What is the millions digit of 1444278012?
4
What is the millions digit of 3693647682?
3
What is the ten millions digit of 323398213?
2
What is the millions digit of 2048029154?
8
What is the hundred thousands digit of 6747818?
7
What is the ten millions digit of 56273072?
5
What is the hundred thousands digit of 102785154?
7
What is the ten thousands digit of 145108871?
0
What is the ten thousands digit of 127249106?
4
What is the hundreds digit of 49745563?
5
What is the hundreds digit of 330541847?
8
What is the hundred thousands digit of 931327087?
3
What is the units digit of 2915970860?
0
What is the ten thousands digit of 43097351?
9
What is the hundred millions digit of 2739292355?
7
What is the hundreds digit of 28429198?
1
What is the hundred millions digit of 269171027?
2
What is the billions digit of 1311746215?
1
What is the hundred thousands digit of 28901521?
9
What is the units digit of 11848438?
8
What is the thousands digit of 77791292?
1
What is the millions digit of 13107413?
3
What is the hundreds digit of 57338573?
5
What is the thousands digit of 247046116?
6
What is the hundreds digit of 7120683?
6
What is the ten millions digit of 38631378?
3
What is the millions digit of 963721243?
3
What is the millions digit of 1945601436?
5
What is the tens digit of 132139803?
0
What is the hundred thousands digit of 1521604118?
6
What is the hundreds digit of 55108006?
0
What is the tens digit of 587231936?
3
What is the tens digit of 293194595?
9
What is the ten millions digit of 86773393?
8
What is the hundred thousands digit of 36888429?
8
What is the ten thousands digit of 121736609?
3
What is the thousands digit of 24850482?
0
What is the units digit of 1146885701?
1
What is the hundred millions digit of 780330097?
7
What is the hundreds digit of 975926551?
5
What is the thousands digit of 1014941619?
1
What is the hundreds digit of 6074116?
1
What is the thousands digit of 28414363?
4
What is the thousands digit of 155033015?
3
What is the ten thousands digit of 41337775?
3
What is the hundred thousands digit of 1333514153?
5
What is the hundred thousands digit of 1641790177?
7
What is the hundred thousands digit of 84288956?
2
What is the millions digit of 17058656?
7
What is the thousands digit of 5133243910?
3
What is the ten thousands digit of 6576222901?
2
What is the ten millions digit of 251831340?
5
What is the millions digit of 989718980?
9
What is the tens digit of 790142119?
1
What is the ten millions digit of 49252099?
4
What is the units digit of 3953577622?
2
What is the thousands digit of 196271902?
1
What is the hundred thousands digit of 122377398?
3
What is the tens digit of 5331208894?
9
What is the hundreds digit of 419416421?
4
What is the ten thousands digit of 22139943?
3
What is the millions digit of 2906840917?
6
What is the ten millions digit of 258300772?
5
What is the millions digit of 154420617?
4
What is the tens digit of 435638362?
6
What is the ten tho